51129 and 1197.
171
What is the greatest common divisor of 2163 and 3003?
21
Calculate the highest common factor of 4491 and 279.
9
What is the greatest common divisor of 83384 and 112?
56
Calculate the highest common factor of 7 and 7133.
7
What is the highest common factor of 1292 and 3705?
19
What is the highest common divisor of 17660979 and 63?
63
Calculate the highest common factor of 475821 and 432.
27
What is the greatest common divisor of 3472 and 183148?
868
Calculate the highest common factor of 725947 and 19193.
1129
What is the highest common divisor of 4 and 131036?
4
What is the greatest common divisor of 3526 and 2021?
43
Calculate the greatest common divisor of 3825 and 248880.
255
What is the greatest common divisor of 13462 and 159?
53
What is the greatest common factor of 4797 and 62484?
123
What is the highest common factor of 1993385 and 380?
95
Calculate the greatest common factor of 41067 and 1352.
169
Calculate the highest common divisor of 6 and 582039.
3
Calculate the greatest common divisor of 194152 and 168.
56
What is the highest common divisor of 8257 and 299?
23
Calculate the greatest common divisor of 416 and 50464.
32
Calculate the highest common divisor of 123 and 29725.
41
Calculate the greatest common factor of 80 and 36016.
16
Calculate the greatest common factor of 74 and 602064.
74
Calculate the highest common divisor of 3054 and 3580306.
1018
What is the greatest common factor of 1600 and 1034720?
160
What is the greatest common factor of 66 and 4866950?
22
What is the greatest common divisor of 85 and 149549?
17
What is the highest common divisor of 285 and 182343?
57
Calculate the greatest common factor of 1615 and 100385.
85
What is the highest common divisor of 686 and 78890?
686
What is the highest common factor of 8 and 288228?
4
What is the greatest common factor of 6165 and 149193?
1233
What is the highest common divisor of 1342045 and 1390?
695
Calculate the highest common divisor of 431349 and 354.
177
Calculate the highest common factor of 27393 and 759.
69
Calculate the highest common divisor of 46995 and 141.
3
Calculate the greatest common factor of 405403 and 361.
361
Calculate the highest common divisor of 15088 and 13616.
368
Calculate the highest common divisor of 19293 and 5664.
177
Calculate the greatest common factor of 48 and 70560.
48
Calculate the highest common divisor of 16434 and 6138.
198
Calculate the greatest common divisor of 431816 and 11.
11
Calculate the highest common factor of 94809 and 11.
11
What is the highest common factor of 3547800 and 30?
30
What is the highest common factor of 14025 and 77?
11
Calculate the greatest common factor of 2028283 and 157.
157
What is the highest common factor of 2000 and 320?
80
What is the highest common divisor of 398412 and 1190?
238
What is the greatest common factor of 16544 and 77?
11
What is the greatest common divisor of 153 and 4029?
51
What is the highest common divisor of 390325 and 650?
325
What is the highest common divisor of 294425 and 25?
25
What is the greatest common divisor of 286863 and 9?
3
What is the greatest common factor of 3472 and 1548016?
496
Calculate the highest common divisor of 7992 and 1399932.
1332
Calculate the highest common factor of 135 and 55098.
9
Calculate the highest common factor of 782 and 134.
2
Calculate the greatest common divisor of 62904 and 804.
12
Calculate the greatest common factor of 173745 and 4653.
99
Calculate the greatest common divisor of 376 and 84412.
188
Calculate the highest common factor of 44 and 42284.
44
Calculate the highest common divisor of 62721 and 2277.
207
Calculate the highest common factor of 1306 and 132.
2
Calculate the highest common divisor of 6538 and 8568.
14
What is the greatest common divisor of 3713008 and 156?
52
What is the highest common divisor of 325208 and 676?
52
Calculate the greatest common factor of 2691 and 385411.
299
Calculate the highest common divisor of 212 and 196948.
212
Calculate the greatest common divisor of 3402050 and 20.
10
What is the greatest common divisor of 576 and 35488?
32
What is the highest common factor of 56004 and 78?
78
What is the greatest common divisor of 5360588 and 1436?
1436
Calculate the greatest common factor of 485 and 347551.
97
Calculate the highest common divisor of 6723 and 14661.
81
What is the highest common factor of 1264 and 4045432?
632
Calculate the highest common factor of 4376 and 1953337.
547
Calculate the highest common factor of 473945 and 10.
5
Calculate the highest common factor of 2001 and 40078.
29
What is the greatest common factor of 96 and 4330432?
32
What is the highest common factor of 6685 and 78310?
955
Calculate the highest common divisor of 112048 and 564.
188
Calculate the highest common factor of 1025 and 4500.
25
Calculate the greatest common divisor of 756 and 8421.
21
Calculate the greatest common factor of 430 and 43820.
10
What is the highest common factor of 51 and 41395?
17
What is the greatest common factor of 679 and 1267?
7
Calculate the highest common divisor of 3097 and 17499.
19
Calculate the highest common divisor of 5896 and 7102.
134
What is the greatest common divisor of 539 and 5159?
77
Calculate the highest common divisor of 286344 and 246.
246
What is the greatest common factor of 7596 and 504?
36
What is the greatest common factor of 188980 and 484?
44
What is the highest common factor of 144 and 81728?
16
What is the greatest common factor of 38 and 299193?
19
Calculate the greatest common divisor of 174 and 9066.
6
What is the greatest common divisor of 2450 and 11285925?
1225
What is the highest common divisor of 323689 and 497?
71
What is the greatest common factor of 1564 and 380834?
782
What is the highest common divisor of 817 and 102?
1
What is the greatest common divisor of 60 and 615540?
60
Calculate the highest common divisor of 2511 and 6975.
279
What is the greatest common factor of 164 and 1467964?
164
Calculate the greatest common factor of 402330 and 30.
30
What is the highest common divisor of 210 and 486640?
70
Calculate the greatest common divisor of 5988 and 96.
12
What is the greatest common divisor of 106812 and 4692?
276
Calculate the greatest common divisor of 11358 and 162.
18
What is the greatest common divisor of 969 and 7599?
51
What is the greatest common factor of 35373 and 234?
39
What is the highest common divisor of 36388 and 44?
44
Calculate the greatest common divisor of 4898 and 45504.
158
What is the greatest common factor of 175 and 19705?
35
Calculate the greatest common factor of 20 and 11399960.
20
What is the highest common divisor of 205049 and 442?
13
What is the highest common factor of 82 and 83968?
82
Calculate the greatest common factor of 5474 and 425.
17
Calculate the highest common factor of 189 and 1161.
27
What is the highest common factor of 679 and 4726519?
679
What is the highest common factor of 546 and 11908?
26
What is the highest common factor of 56 and 46760?
56
Calculate the greatest common factor of 3250 and 8375.
125
What is the highest common factor of 8145 and 18?
9
What is the greatest common factor of 6554316 and 722?
722
What is the greatest common factor of 29624 and 247296?
1288
Calculate the highest common divisor of 672 and 6216.
168
What is the highest common factor of 63 and 5320?
7
Calculate the greatest common divisor of 17272 and 357.
17
Calculate the highest common divisor of 48 and 4728.
24
Calculate the highest common divisor of 1104 and 1948.
4
What is the highest common divisor of 30987 and 297?
99
What is the greatest common divisor of 1686 and 732?
6
Calculate the highest common factor of 625920 and 336.
48
What is the greatest common factor of 1375 and 11726?
11
What is the greatest common factor of 275 and 486200?
275
What is the highest common divisor of 12 and 24450?
6
Calculate the highest common factor of 11808 and 60270.
246
Calculate the greatest common factor of 37146 and 232842.
906
Calculate the highest common divisor of 105612 and 221.
13
Calculate the highest common divisor of 1470921 and 1356.
339
What is the greatest common factor of 1690352 and 928?
464
What is the greatest common divisor of 2535871 and 13?
13
What is the greatest common divisor of 1